e of -w**4/12 + 4*w**3/3 + 7*w**2/2 + 140*w. Give n(8).
7
Let x(g) = -22*g + 123. Let l(s) = -18*s + 104. Let u(k) = 6*l(k) - 5*x(k). Let a(q) = -2*q**3 + 3*q**2 - 3*q + 2. Let r be a(2). Determine u(r).
-7
Let c(t) = 4*t - 73. Let i = 1443 - 1426. Calculate c(i).
-5
Let y(q) = 13*q. Let u = -75 + 52. Let w = 24 + u. Determine y(w).
13
Suppose -d - 4*d = 0. Suppose d = -2*p - 4*p + 12. Let l(b) = 5*b**2 + 2 + b - b**2 - 3*b**2 - 2*b**3. Give l(p).
-8
Let h(c) = 67*c - 26*c - 24*c + 3 + c**2 - 21*c. Determine h(7).
24
Let u be ((-69)/(-115))/(9/75). Let s(v) = -3*v - 6. Give s(u).
-21
Let b(d) = -d**2 + 8*d - 10. Let m(s) = -s + 5. Let q be m(-1). Determine b(q).
2
Let p(i) = 1 - 4*i - 5 + 0*i. Suppose -7*y + 76 = -3*y. Suppose 0 = -k - 3*d - 2*d - 29, -k - 3*d = y. Give p(k).
12
Suppose -3*x - 58 + 64 = 0. Suppose -x*t - 2 = 4. Let l(s) = s**2 - s - 3. Determine l(t).
9
Let c(i) = -5*i - 1. Let w be c(-2). Let r = w - 6. Let q(t) = -175 + 3*t**2 - t**3 + 178 - 2*t + t. Calculate q(r).
0
Let k(v) = v. Let z(a) = -5*a - 1. Let t(x) = 2*k(x) + z(x). Let i = -150 + 100. Let q be (40/i)/((-2)/(-5)). Give t(q).
5
Let b(l) = 5 - 6 + 0 + 2*l + 15*l**3. Let f(k) = -k + 6. Let c be f(5). Determine b(c).
16
Suppose -5*p = -5*h + 2*h - 11, 24 = 4*h + 3*p. Let k(m) = -2*m**2 - m - 4. Determine k(h).
-25
Let i(l) = -7*l**2 - 4*l + 15. Let g(n) = 5*n**2 + 6*n - 17. Let m(a) = -4*g(a) - 3*i(a). Calculate m(11).
12
Let f(y) = -69*y**2 - 10*y + 4*y**3 + 3*y**3 - 6*y**3 + 8*y + 2 + 66*y**2. What is f(3)?
-4
Let k(m) be the second derivative of -m**5/20 - m**4/3 + m**2 - 2*m. Suppose 0 = 10*p + 632 - 172. Let r = -50 - p. Give k(r).
2
Let d = 87 + -59. Suppose 44 + d = 9*j. Let l(q) = -q**2 + 7*q - 3. Determine l(j).
-11
Let r(h) = -h + 1. Let k(w) = w**2 + 13*w + 4. Let p(t) = -k(t) - 5*r(t). Determine p(-6).
3
Let w(i) = -i**3 + 7*i**2 - 7*i + 7. Let t(r) = -r + 11. Suppose 5*c = 2*l - 5, -3*c + 22 + 6 = 5*l. Let p be t(l). Determine w(p).
1
Let h(v) = -5*v - 4. Let d be (-217)/(-14) - -2*(-3)/(-12). Suppose -3*n + 3*p = 0, d - 1 = 3*n + 2*p. Determine h(n).
-19
Let p = 16 - 14. Let g(u) = u**2 + 2. Let f(v) = 13*v**2 - 2*v + 9. Let k(q) = -f(q) + 5*g(q). Give k(p).
-27
Let j(u) = -6*u. Let l(p) = -p**2 - 10*p + 2. Let b be l(-10). Suppose -b*h = 3*h + 5. Give j(h).
6
Let p(d) be the first derivative of d**3/2 - 3*d**2/2 + 18*d + 19. Let u(a) be the first derivative of p(a). Calculate u(-3).
-12
Let t(f) = 15*f - 52. Let r be t(6). Suppose -11*k = r + 28. Let n(p) = 4*p + 1. Let c(w) = -w. Let i(l) = 5*c(l) + n(l). Give i(k).
7
Let s(u) be the second derivative of 1/6*u**3 + 0 + 0*u**2 - 37*u. Suppose 3*z + 2*z - 2*q + 7 = 0, 3*q - 3 = 5*z. Give s(z).
-3
Let b(d) be the third derivative of -d**7/420 + d**6/360 + d**5/40 + 13*d**4/12 + 5*d**2. Let r(t) be the second derivative of b(t). What is r(-2)?
-25
Suppose 196*o - 189*o = -77. Let q(v) = -v**3 - 11*v**2 - v - 6. Determine q(o).
5
Suppose 3 = -h + 2. Let u = h - -3. Let f(n) = -n**2 + 3*n - 3. Determine f(u).
-1
Let b(y) = -y**3 + 25*y**2 - 45*y - 26. Let r be b(23). Let l(c) = -2*c + 6. Let k(x) = -x. Let h(g) = r*k(g) + l(g). Give h(-5).
1
Let x(g) = g**2 - 9*g + 3. Let h = 458 - 452. Calculate x(h).
-15
Let c be (-29)/9 + (-4 - 114/(-27)). Let f(a) = -a**3 - a**2 + 2. Determine f(c).
20
Suppose -13 = -36*y + 311. Let c(o) = o**3 - 9*o**2 - o + 6. Calculate c(y).
-3
Let f(i) be the third derivative of i**5/60 - 13*i**4/24 + 11*i**3/2 - 35*i**2 - 3*i. Give f(8).
-7
Let a be 36/16*24/18. Let r(p) = 2*p**3 - 37 - 7*p**2 + 41 + p - a*p**3. Suppose -b + 5 = 0, -2*d - 23 = -2*b + 1. What is r(d)?
-3
Let o(c) = -c**2 - 9*c - 6. Let l be o(-7). Let r(h) = 22*h - 9 + 2*h**2 - l*h - 6*h - 3*h**2. Suppose -4*b = 20, 4*g = 4*b + 17 + 31. Determine r(g).
-2
Let o(u) = -67*u**2 - 6*u - 3. Let g(k) = 107*k**2 + 9*k + 4. Let b(d) = -5*g(d) - 8*o(d). Give b(-6).
22
Suppose -i - 9 + 10 = -4*w, w + 5*i - 26 = 0. Let k(n) be the third derivative of n**5/15 + n**4/24 - n**3/6 - 4*n**2. Give k(w).
4
Let a(n) be the second derivative of -n**3/6 + 3*n**2/2 - 96*n. Calculate a(3).
0
Let u be (16/12)/(4/72*4). Let y(f) = 1 - 6 + u + 3*f + f**2. What is y(-2)?
-1
Suppose 0 = -34*f + 52*f - 198. Let l(y) = y**2 - 10*y - 11. Give l(f).
0
Suppose 2*q + 7*y - 9*y + 4 = 0, y = 5*q + 2. Let g(h) = h**3 - 2*h**2 - 9. Calculate g(q).
-9
Suppose 2*v - v = 4. Let a(m) = m**2 - 3*m + 4. Let y(d) = 16 + 2*d**2 - 5*d + 2 - 10. Let w(f) = v*y(f) - 7*a(f). What is w(-3)?
10
Let m(y) = -y**2 - 6*y - 3. Suppose -34 = -4*b + w - 86, b = w - 13. Let q be ((-4)/26 - 28/b)*-2. Calculate m(q).
5
Let j(o) = -o**3 + 22*o**2 - 22*o + 8. Let i(k) = -2*k**3 - 26*k**2 + 30*k + 49. Let h be i(-14). What is j(h)?
-13
Let t(i) be the first derivative of i**2 - i - 2. Let g be (-6)/(-21) + 12/7. Suppose 0 = g*v + 4. What is t(v)?
-5
Let w be (-1)/(28/7)*0. Let j(p) be the second derivative of -1/20*p**5 + 0*p**4 - 2*p**2 + 1/6*p**3 - 5*p + w. What is j(0)?
-4
Suppose -2*n - 28 = 4*s - 12, 0 = n + 3*s + 10. Let v(m) = 2*m**2 + 6*m + 2. Calculate v(n).
10
Let j(l) = -5*l + 25. Let a(r) = 2*r. Let q(v) = -3*a(v) - j(v). Give q(-22).
-3
Let v(m) = -m**2 - 4*m - 5. Suppose -2863*u - 8 = -2859*u. Give v(u).
-1
Suppose -103*j - 132 = -136*j. Let n(d) = -d**3 + 7*d**2 - 5*d - 2. What is n(j)?
26
Let g(v) = 10*v - 86. Let f be g(7). Let l(x) = -x**2 - 18*x - 39. Calculate l(f).
-7
Suppose -j = -3*l - 7, -2*l - 2*l - 3*j - 31 = 0. Let t be 2/l*-6 + 2. Let s(q) = 2 - t - q - 8. Give s(-5).
-6
Let v(p) = -p**2 - 4*p + 1. Suppose 2*s = -3*t - 39 + 12, 5*t + 13 = 2*s. What is v(s)?
-11
Let i(g) = 7*g**2 + 6*g - 7. Let n(m) = -m**2 + m - 1. Let t(s) = i(s) - 6*n(s). Let l(u) = u**2 + 8*u - 19. Let v be l(-10). Calculate t(v).
12
Let d(o) = -6*o**3 + 6*o**2 + 2. Let i(m) = -5*m**3 + 6*m**2 - m + 2. Let k(c) = 4*d(c) - 5*i(c). What is k(5)?
-2
Suppose -6*c + 4*c = -12. Let z(v) = -4*v**2 + 8*v - v + 3*v**2 - 2 + 0. Calculate z(c).
4
Let m(u) = u**3 - 7*u**2 + 8*u - 3. Suppose w + 3*q = -q, -w = -5*q. Suppose -3*x - x - b + 20 = w, 2*x + 2*b - 4 = 0. Give m(x).
9
Let q(s) = s - 1. Suppose -5*u - 2*t = -25 + 6, -4*t + 8 = 4*u. Suppose 4*r = u + 7. Let i(c) = -c + 2. Let f(k) = r*i(k) + 6*q(k). Give f(1).
3
Let j(n) = 4*n - 3. Suppose 2*s = 5*g - 16, s + 0*s + 18 = 5*g. Let q be j(s). Let w(x) = 9 - 2 - 11*x - 11*x + 21*x. Determine w(q).
2
Let i(x) = -23*x**3 - x + 1. Let j = 572 + -571. Calculate i(j).
-23
Let j(v) = -1. Let w(n) = -6*n - 6. Let o(k) = 5*j(k) - w(k). Give o(-2).
-11
Let l(b) be the third derivative of b**6/120 - b**5/30 + b**4/6 + b**3/6 - 64*b**2. What is l(3)?
22
Let d be -6*6/(-60)*5. Let h(r) be the first derivative of 1/4*r**4 + 3*r + 0*r**2 - 5/3*r**d + 7. What is h(3)?
-15
Let m(c) be the first derivative of -c**4/24 - c**3/2 - 6*c**2 - 17. Let x(y) be the second derivative of m(y). Calculate x(4).
-7
Let f = 71 - 51. Let q = f - 12. Suppose 5*w = -3 + q. Let v(p) = -4*p**3 + p**2. Calculate v(w).
-3
Let p(l) = l**2 - 8*l + 5. Let y be p(5). Suppose 2 + 3 = d + 2*f, 2*f + 60 = 4*d. Let h = d + y. Let g(z) = z + 2. Calculate g(h).
5
Let m(t) = 12*t**3 - 7*t**2 - 5*t + 17. Let b(i) = -7*i**3 + 4*i**2 + 3*i - 9. Let j(s) = -7*b(s) - 4*m(s). Determine j(0).
-5
Suppose 0 = 3*d - 5*l + 46 - 53, 2*l - 2 = 2*d. Let c(s) = 2*s + 14. What is c(d)?
2
Suppose d - 3 = u + 4, u = -5*d + 35. Let y(n) = 10*n - 20*n + 11*n + d. Let q(f) = -f**3 + f**2 - 2*f + 3. Let j be q(2). Calculate y(j).
2
Let y(l) = -l**3 - 8*l**2 - 7*l + 5. Let c = -520 - -514. Determine y(c).
-25
Suppose -6*v + 2*v - 16 = -4*g, 41 = 5*g + 2*v. Let i = 1 - g. Let p(a) = 20*a - 4 + a**2 - 14*a + 5. Determine p(i).
1
Suppose -r + 11 = 1. Let u = r - 7. Let t(o) be the second derivative of -o**3/6 + o**2/2 - 2*o. Calculate t(u).
-2
Suppose 2*j = 34 - 10. Let i be ((-4)/j - 1)*-435. Let f(z) = z + z - 4*z**2 + i + 3*z**2 - 576. Give f(4).
-4
Let k(l) = -13 + 8*l + 107*l**2 + 75*l**2 + l**3 - 186*l**2. Calculate k(3).
2
Let z(y) be the first derivative of -y**4/2 - y**3/2 - y**2/2 - y - 11. Let n(w) be the first derivative of z(w). Calculate n(-2).
-19
Suppose 22*u - 108 = -240. Let g(z) = z**3 + 6*z**2 + 2*z + 3. Give g(u).
-9
Let k(g) = 2*g + 18. Let b be (-25)/4 + -2 - 54/72. Give k(b).
0
Let w be